 - 22*u - 8296, -x - 2 = 0. What is the units digit of u?
8
Let j = 938 - 600. Suppose -2*n + j = z - 0*z, -5*z - n = -1681. What is the units digit of z?
6
Suppose 13*i - 5*i = -16. Let t(u) = -32*u**2 - u + 2. Let y be t(i). Let v = 208 + y. What is the units digit of v?
4
Suppose -2*s + 150 = 4*p, -21*s + 25*s + 4*p - 304 = 0. Suppose -s = -9*t + 1912. What is the tens digit of t?
2
Let m(r) = -1942*r - 61. Let q be m(-9). Suppose -37*f + q + 47 = 0. What is the hundreds digit of f?
4
Suppose 1575 = 5*s - 4175. Suppose -s = -6*u + 1256. What is the hundreds digit of u?
4
Let f = -122 + 128. Suppose f*s - 2*s - 44 = 0. What is the tens digit of s?
1
Let c(z) be the first derivative of 109*z**3/3 - 3*z**2 - 18*z - 42. What is the tens digit of c(-2)?
3
Let g(t) = 144*t**3 - 40*t**2 + 191*t + 16. What is the hundreds digit of g(5)?
9
Let r(d) = -5*d - 191. Let u be r(-36). What is the tens digit of (-66773)/(-77) + 4 + 2/u?
7
Suppose 0 = -4*z - 3*h + 2*h + 23300, -z = 2*h - 5832. What is the thousands digit of z?
5
Let w = 37 - 28. Suppose 0 = -3*h + h + m - w, -m = -5*h - 15. What is the tens digit of 1*(-44)/2*h?
4
Suppose -31*w - 92831 + 9903 = -5*a, 5*w + 82720 = 5*a. What is the ten thousands digit of a?
1
Let x(v) = -v**2 + 432*v - 53. What is the tens digit of x(92)?
2
Suppose 10974 + 458 = 5*n + 4*t, -2*n + 4571 = t. Suppose 7*u + 576 = n. What is the tens digit of u?
4
Let v(q) = -q**2 + 16*q - 2. Let t be v(15). Suppose -18 + 7 = -11*d. Suppose 0 = -2*u + t - d. What is the units digit of u?
6
Suppose -10*j = -15*j - 4*u + 807, 3*u = -36*j + 5733. What is the tens digit of j?
5
Let r be 0/(-1 + (2 - -1)) - -2. Suppose d + 45 = 5*o - 4*d, -r*o - 2*d + 38 = 0. Let v = 19 + o. What is the tens digit of v?
3
Let a = 55 - 48. Let d(h) = h**2 - 14*h + 11. Let r be d(a). Let g = r - -76. What is the tens digit of g?
3
Suppose 2*y + 4*y - 318 = 0. Suppose y*k = 38*k + 9090. What is the units digit of k?
6
Let z(a) = -a + 1. Let y(d) = 15*d - 38. Let k(q) = -y(q) - 3*z(q). Let p be k(-7). Suppose m - 2*l - 3*l = p, -2*l = 2*m - 238. What is the units digit of m?
9
Let t = -30845 - -59786. What is the thousands digit of t?
8
What is the thousands digit of 39796/6 + 72/(-27)?
6
Suppose -4*b - 16 = -0*b, 21 = 5*y + b. Suppose 0*p + 7636 = y*k - 3*p, 3*k = -2*p + 4574. What is the tens digit of k?
2
Suppose 0 = i + 107 - 25. Suppose -f - 76 = -5*n - 12, 0 = f + 5*n + 54. Let y = f - i. What is the tens digit of y?
2
Let b = 28403 - 4591. What is the thousands digit of b?
3
Suppose 2*u + 3*g - 7789 = 941, -2*u + 8730 = 2*g. What is the units digit of u?
5
Let x(s) be the second derivative of 3*s**3 - 7*s**2/2 + 215*s. Let a(b) = b**3 + 3. Let y be a(0). What is the tens digit of x(y)?
4
Suppose 5*f - 32264 = 71*i - 67*i, -6*i = 4*f - 25848. What is the units digit of f?
6
Let n(j) = 38*j**2 + j + 2. Let k be n(-1). Let b = k - 27. Let x = -6 + b. What is the units digit of x?
6
Suppose 0 = 3*j + 5*c - 24 + 4, c = 5*j - 52. Let z(o) = 103*o - 25. What is the units digit of z(j)?
5
Suppose 4*c + 3*f - 339 = 0, 5 = -f + 6. What is the units digit of c*(468/693 - 2/(-11))?
2
Let t(k) = 9903*k + 969. What is the ten thousands digit of t(7)?
7
Let x = -198 + 802. Let a = 1067 - x. What is the hundreds digit of a?
4
What is the thousands digit of 18 + 3982/(-220) - 34101/(-10)?
3
Let j(w) = -19*w - 47. Let m(f) = -14*f + 65. Let s be m(5). What is the units digit of j(s)?
8
What is the units digit of 10 - (-6)/(-15)*(-1685695)/22?
9
Let l(d) = -2*d**3 - 46*d**2 - 7*d + 30. Let p(t) = -2*t**2 - 3*t + 31. Suppose 24 = -41*y + 37*y. Let q be p(y). What is the units digit of l(q)?
1
Suppose -24*l + 510772 = -13*l - 48160. What is the units digit of l?
2
Let y(m) = -1698*m + 190. What is the tens digit of y(-5)?
8
Suppose 5315 = 17*l - 24078. Let w = -1135 + l. What is the units digit of w?
4
Let j be (205438/(-472))/((-1)/4). Let w = j + -42. What is the thousands digit of w?
1
What is the hundreds digit of (685644/408)/(((-1)/36)/(-1))?
4
Suppose 5*d - 42778 = -6*a, -15*d + 3*a = -13*d - 17095. What is the units digit of d?
2
Let b(a) = -319*a - 49. What is the units digit of b(-11)?
0
Let u = -21530 - -33076. What is the hundreds digit of u?
5
Let y = -20029 - -30135. What is the ten thousands digit of y?
1
What is the tens digit of ((-17612)/(-5))/((-558)/(-1395))?
0
Let m(u) = -u**3 + 34*u**2 - 20*u + 54. What is the tens digit of m(-20)?
5
Suppose -3744 - 1339 = -13*h. Let o = h + -301. What is the tens digit of o?
9
Let a = -26068 - -36575. What is the units digit of a?
7
Suppose -43*d + 150 = -48*d. Let z = -48 + -44. Let s = d - z. What is the units digit of s?
2
Let a(y) = -y**3 - 89*y**2 - 110*y - 1416. What is the units digit of a(-88)?
0
Let y = -801 - -550. Suppose -3*k = x + 109, 7*x - 9*x = 4*k + 210. Let u = x - y. What is the hundreds digit of u?
1
Suppose -1089577 + 344536 = -71*a - 36*a. What is the units digit of a?
3
Let f(a) be the second derivative of -a**4/12 + a**3 + 7*a**2 + 31*a. Let t be f(8). What is the hundreds digit of 3078/30 - t/5?
1
Let v be (2/4)/((-16)/(-256)). Let l(k) = -k - 10. Let f be l(v). What is the units digit of (f/54)/((-2)/318)?
3
Suppose 27292 = 3*o - 5*c, -o - 4*c = -9725 + 639. What is the units digit of o?
4
Suppose -96*j + 269100 = -27*j. What is the units digit of j?
0
Let g = 392 + -104. Suppose -7*c = c - g. What is the tens digit of c?
3
Let y(p) = -10*p**2 + 744 - 6*p**2 + 17*p**2 + 7*p. What is the hundreds digit of y(0)?
7
Suppose 41*u - 53*u + 185789 + 163651 = 0. What is the units digit of u?
0
Suppose 0 = 2*k - 4*o - 96745 + 30621, -4*k + 132248 = -4*o. What is the tens digit of k?
6
Let x = 486 - 482. Suppose 32*m = 29*m + x*g + 804, g - 1091 = -4*m. What is the units digit of m?
2
Let t = 87 + -33. Suppose t*f = 73*f - 1900. What is the units digit of f?
0
Let b(s) = 3*s**2 - 1. Let a be b(-1). Suppose -a*p + 4*c + 4 = 0, 4*p - 4*c = 6 + 6. Let g(y) = -y**3 + 5*y**2 + 8*y - 6. What is the tens digit of g(p)?
4
Suppose p - 118 = 3*r, 2*r = -4*p + r + 433. Suppose -1680 = p*u - 110*u. What is the thousands digit of u?
1
Let q = -813 - -15329. What is the units digit of q?
6
Let x = -655 + 3616. Suppose -12*i = x - 16341. What is the thousands digit of i?
1
Let p = -15709 - -28699. What is the tens digit of p?
9
Let i = -76 - -79. Suppose 5*y - i = 3*y + 3*d, -5*d - 5 = -3*y. Suppose y = -3*n + 182 + 430. What is the units digit of n?
4
Suppose -6*n = 774 - 732. What is the hundreds digit of 74832/112 - (-1)/n?
6
Let o(t) = 3*t**3 - 6*t**2 - 9*t + 9. Let f be o(6). Let v be (-189)/5*155/(-31). Let z = f - v. What is the units digit of z?
8
Suppose -4*i = 3*b - 3444, b = -i + 5*i + 1164. Suppose 5*w - 2*w - b = 0. What is the hundreds digit of w?
3
Suppose 5*r + 4*h = 168253, 5*r + 38*h - 168232 = 37*h. What is the units digit of r?
5
Let h = 2908 + 2162. What is the hundreds digit of h?
0
Suppose -304861 = -159*l + 3510980. What is the hundreds digit of l?
9
Suppose 21*k - 2*o - 14 = 18*k, 0 = 3*k - 4*o - 10. What is the thousands digit of 1724 + (-3 - (k - 6))?
1
Let v(r) = -109*r - 12. Let x be 3/((-18)/24*2). What is the tens digit of v(x)?
0
Suppose 2*z + 2*y = 57410, -22348 = -4*z - 5*y + 92473. What is the tens digit of z?
0
Let q = 739 - 1231. Let j be (-80)/(-12)*q/10. Let l = -198 - j. What is the units digit of l?
0
Let g = -630 - -750. Suppose 15*m - g = 600. What is the units digit of m?
8
Suppose s + 192 - 613 = 4*n, 3*n = 2*s - 822. Suppose -3*k + s = -198. What is the units digit of k?
1
Let n be -10*(-9)/225 + 1187/(-5). Let f = -44 - n. What is the hundreds digit of f?
1
Let j = 29 - 29. Suppose 3*r - 9 = -4*g, 2*g + j*r - r = 17. Suppose 2*x = b + b - 176, -g = -3*x. What is the tens digit of b?
9
Let g = 71902 - 50577. What is the units digit of g?
5
Let z(v) = -321*v - 41. Let a be z(-6). Suppose -9*p + 2606 = -a. What is the hundreds digit of p?
4
Let p(c) = -2*c**3 - 28*c**2 + 19*c - 21. Let k be p(-15). Suppose -3*a = 5*a - k. What is the units digit of (714/9)/1 + 12/a?
0
Suppose 27460 = 26*c - 68350. What is the units digit of c?
5
Let y = 81 - 73. Suppose 2*i = -4, 5*p + 1 = -4*i + y. Suppose -a + 1 = 3, 3*d - 672 = -p*a. What is the units digit of d?
6
Let u(f) = -